 be f(1). Suppose -l = -0*l + 154. Let t = l + 280. Calculate the highest common factor of n and t.
14
Let p be 81/12 - (-2)/8. Let o(a) = -17*a - 126. Let t(w) = 8*w + 63. Let v(j) = 6*o(j) + 13*t(j). Let r be v(0). What is the highest common factor of p and r?
7
Suppose 4*c + 2*q = -52, 4*q - 17 = 4*c - c. Let g = -10 - c. Let k = -3 + 5. What is the highest common divisor of g and k?
1
Suppose -2*w = l + 4, 7 = 4*l - 9. Let z(n) = -39*n - 12. Let c be z(w). Calculate the highest common divisor of c and 96.
48
Suppose 5*o = 4*q - 18, 0 = -q - o - 0*o. Suppose -126 = q*t - 5*t. What is the greatest common factor of t and 6?
6
Suppose -5*m + 12 = -m. Suppose -m*c - 12 = c. Let d = 66 + c. Calculate the greatest common divisor of d and 9.
9
Let z(d) = -417*d**3 - 13*d**2 - 9*d + 3. Let x be z(-1). Calculate the greatest common factor of 130 and x.
26
Let i = 23 - 10. Suppose -7*w - 181 + 41 = 0. Let g = 19 - w. What is the greatest common factor of i and g?
13
Let f = -458 + 843. Calculate the greatest common divisor of 35 and f.
35
Suppose -6*x + 188 = 62. Let p be -1 + 0 - (-39 + -4). Calculate the greatest common factor of x and p.
21
Suppose 0 = -59*z - 5*z + 5568. Suppose 114 = 2*a - v - 0*v, 0 = -5*a + 4*v + 282. Calculate the greatest common divisor of z and a.
29
Suppose 0 = z + 3, -3*r - 39 = -0*r + 5*z. Let o be -18*(5 - (-44)/r). What is the highest common factor of o and 9?
9
Suppose -3*p = -34 + 4. Let b be 45/(-30)*(-560)/3. Suppose -24*q - b = -28*q. What is the highest common divisor of p and q?
10
Let m = -215 - -228. What is the highest common divisor of 52 and m?
13
Let p be (-6)/(60/(-25))*26. Let w = -17 + p. What is the highest common divisor of w and 16?
16
Suppose 0 = 24*g - 138 - 2718. What is the highest common factor of g and 7?
7
Let d(k) = -k**3 - 3*k**2 - 6*k - 6. Let z be d(-4). Let s = 79 - z. Let v = -24 - -42. What is the highest common divisor of s and v?
9
Suppose b + 4*t = 69, 351 = -53*b + 57*b + t. Calculate the greatest common divisor of b and 1.
1
Let p be 6/(((-60)/56)/(-5)). Let x = -17 - -87. Calculate the greatest common divisor of p and x.
14
Let f = -977 - -1233. Suppose -23 - 1 = -n + 4*o, -4*o - 40 = -2*n. What is the greatest common divisor of n and f?
16
Let n(c) = 2*c**2 - 6*c. Let q be n(4). Suppose -q*l = -9*l + 88. Calculate the highest common divisor of 44 and l.
44
Suppose 3*o + 25 = 8*o. Suppose 10*i - o*i = 95. Suppose 0 = -6*d + 2*d - 2*s + 522, -d = -s - 138. Calculate the greatest common factor of d and i.
19
Let r(f) be the third derivative of f**5/60 + f**4/6 + 8*f**3/3 - 10*f**2. Let v be r(-5). Calculate the highest common factor of v and 7.
7
Let i be 12/(-20) + (25996/5)/2. What is the greatest common divisor of 113 and i?
113
Let l be ((-9)/((-441)/28))/(2/14). Suppose -g - 80 = -5*y - 0*y, -l*y + 64 = 4*g. Calculate the highest common divisor of y and 2.
2
Suppose -7*t - 319 = -9*t + 3*v, 790 = 5*t - 5*v. Calculate the highest common factor of t and 20.
5
Let x = -48 - -63. Let a = 26 - x. What is the highest common factor of 33 and a?
11
Suppose -y - 16 = -35. What is the greatest common factor of 152 and y?
19
Suppose 4*b + 2 = 2*b, 5*o + b = -26. Let j = o - -41. Let s(l) = 4*l**2. Let w be s(1). Calculate the greatest common factor of w and j.
4
Let x = 4 + -3. Suppose 0 = -4*s + 285 - 273. What is the highest common factor of x and s?
1
Let i(h) = -h**3 - 6*h**2 - 3*h + 7. Let z be i(-5). Let w = 32 + z. Let x = w - 21. What is the highest common divisor of x and 1?
1
Let n = -15 - -17. Suppose x + 5*r = 22, 3*x + n*x + 3*r = 22. Calculate the greatest common factor of 6 and x.
2
Let h(p) = -7 - p + 14 + 4. Let z be h(0). Let x = z - 4. Calculate the highest common divisor of 21 and x.
7
Let u = -73 + 60. Suppose 0 = p + 5*x + 5, -2*p = -3*p + 4*x - 14. Let v = p - u. What is the greatest common factor of 9 and v?
3
Suppose -z - 4*d = -28, -5*z + 30 = -2*d - 44. What is the greatest common factor of z and 232?
8
Suppose 9*q = -0*q + 54. What is the highest common divisor of 6 and q?
6
Suppose 3*w = -15, -2*w = f + f - 830. Suppose -30*o = -37*o + f. What is the greatest common divisor of o and 45?
15
Let z be (-2 - (0 + -47))*3. Suppose -4*k + 13 = -47. Calculate the highest common factor of z and k.
15
Let z(x) = 3*x**2 - x + 2. Let t be z(3). Let r be (22 - 1) + (-5)/4*(-8 - -4). What is the highest common divisor of t and r?
26
Let h(t) = t**3 + 6*t**2 - 27*t + 10. Let j be h(-9). Suppose -2*n + 40 = 3*o, 0 = -4*n - 5*o + 19 + 61. Calculate the greatest common divisor of n and j.
10
Suppose 30*d = 262 + 1178. Calculate the greatest common factor of 48 and d.
48
Suppose 21 = 4*k - 23. Suppose 42 + 24 = 2*h. Calculate the greatest common factor of h and k.
11
Let a be ((-2)/6)/(750/(-126) + 6). Let x be (-128)/(-56) + -2 + (-292)/a. Calculate the greatest common divisor of x and 210.
42
Let s(b) = -15*b - 204. Let o be s(-18). Calculate the greatest common factor of o and 18.
6
Suppose -31*g + 103 + 243 = 36. Suppose 0 = u + 2 + 3. Let f be (2*-3)/(1/u). What is the highest common divisor of g and f?
10
Let d be (48 + -43)/((-5)/(-184)). Suppose 11*i - 6*i = 40. What is the greatest common factor of i and d?
8
Let p = 49 + 28. Let s = 81 - p. Calculate the greatest common factor of s and 4.
4
Let r(q) = 20*q**2 - 5*q + 6. Let l be r(4). Let z = 246 + -212. What is the greatest common divisor of l and z?
34
Let f(s) = 2 + 4 - s + 13 - 5. Let x be f(9). Calculate the highest common divisor of 40 and x.
5
Suppose o + 5*c - 5 = 4*c, 4*c - 8 = -o. Suppose -s - 28 = -f, -o*s = 2*f - 54 + 10. What is the greatest common factor of 182 and f?
26
Let g be -3*3/((-27)/(-48)). Let n = g - -16. Suppose -3*o + 2*o + 18 = n. What is the greatest common divisor of 9 and o?
9
Suppose 23*m - 21*m - 11 = -w, 15 = 5*w + 2*m. Calculate the greatest common divisor of w and 8.
1
Let u = 198 + -84. Calculate the highest common divisor of 24 and u.
6
Suppose -24 = 4*w - 228. Let g = w - 21. Calculate the highest common divisor of g and 20.
10
Suppose 0 = -4*r - 26 + 74. Let q(t) = -t**3 - 7*t**2 + 5*t - 5. Let n be q(-8). Let d = n + 29. What is the highest common divisor of r and d?
12
Let i = 104 + -60. Let c = -29 + i. What is the greatest common factor of c and 45?
15
Let r(t) = 3*t - 2. Let u be r(2). Let m(q) = q**2 - 3*q + 6. Let w be m(u). Calculate the highest common factor of 5 and w.
5
Let r(h) = -2*h - 14. Let g be r(-10). Let d be g/(-3*2/(-4)). Suppose 2*u + 2*p - 38 = 22, -4*u + d*p = -104. What is the highest common factor of u and 7?
7
Suppose -3*p = -6 - 15. Suppose p*u + 128 = 11*u. Calculate the greatest common factor of 48 and u.
16
Let u be 27158/14 - 54/(-378). What is the greatest common divisor of u and 20?
20
Suppose 0 = -4*n - n - 5*o + 660, 5*o = -15. Suppose -3*d = 3*a - 168, -5 - 1 = -3*a. What is the greatest common factor of n and d?
27
Let j(m) = 14*m**2 - 52*m - 185. Let y be j(-4). Calculate the highest common divisor of y and 91.
13
Let q be 1816/(-4) + (2 - 1). Let t = -81 - q. Suppose 4*z = 332 + t. What is the highest common factor of z and 16?
16
Let l(i) = 463*i**3 + i**2 - 14*i + 32. Let p be l(2). Calculate the highest common factor of 58 and p.
58
Let h = -14 + 20. Suppose s + 5 = h*s. Let b be (s - -1) + -13 + 14. What is the greatest common factor of 12 and b?
3
Suppose -123*y - 180 = -141*y. What is the highest common factor of 130 and y?
10
Let t be (-194)/(-8) - (-1)/(-4). Suppose 28*x - t*x = 56. What is the highest common divisor of x and 42?
14
Let c = 9 + 3. Let z = -349 - -335. Let m = c - z. Calculate the greatest common factor of 65 and m.
13
Let p(x) = 16*x - 88. Let a be p(6). What is the greatest common factor of a and 78?
2
Suppose 10 = 2*o + 4. Let b be 36/(-1 - (0 - o)). Calculate the greatest common divisor of b and 54.
18
Suppose -3*j - 3*h + h + 370 = 0, 5*j - 642 = 3*h. What is the greatest common factor of j and 162?
18
Let j = 1041 + 345. What is the greatest common factor of j and 42?
42
Let y(g) = 26*g - 132. Let x be y(9). Calculate the greatest common divisor of 18 and x.
6
Suppose -5*j - 3*r + 37 = -7*r, -3*j + 5*r = -17. Suppose -j*m = -253 + 19. What is the greatest common divisor of m and 130?
26
Let w = -11 - -30.